{"id":1216,"date":"2021-06-02T00:22:36","date_gmt":"2021-06-01T22:22:36","guid":{"rendered":"http:\/\/tirardelhilo.info\/?page_id=1216"},"modified":"2021-06-17T03:08:16","modified_gmt":"2021-06-17T01:08:16","slug":"contacto","status":"publish","type":"page","link":"https:\/\/tirardelhilo.info\/index.php\/contacto\/","title":{"rendered":"Contacto"},"content":{"rendered":"\t\t<div data-elementor-type=\"wp-page\" data-elementor-id=\"1216\" class=\"elementor elementor-1216\" data-elementor-settings=\"[]\">\n\t\t\t\t\t\t\t<div class=\"elementor-section-wrap\">\n\t\t\t\t\t\t\t<section class=\"elementor-section elementor-top-section elementor-element elementor-element-593e975 elementor-section-boxed elementor-section-height-default elementor-section-height-default\" data-id=\"593e975\" data-element_type=\"section\">\n\t\t\t\t\t\t<div class=\"elementor-container elementor-column-gap-default\">\n\t\t\t\t\t<div class=\"elementor-column elementor-col-100 elementor-top-column elementor-element elementor-element-a7b77a3\" data-id=\"a7b77a3\" data-element_type=\"column\">\n\t\t\t<div class=\"elementor-widget-wrap elementor-element-populated\">\n\t\t\t\t\t\t\t\t<section class=\"elementor-section elementor-inner-section elementor-element elementor-element-69e6cd2 elementor-section-boxed elementor-section-height-default elementor-section-height-default\" data-id=\"69e6cd2\" data-element_type=\"section\">\n\t\t\t\t\t\t<div class=\"elementor-container elementor-column-gap-default\">\n\t\t\t\t\t<div class=\"elementor-column elementor-col-50 elementor-inner-column elementor-element elementor-element-488ccd0\" data-id=\"488ccd0\" data-element_type=\"column\">\n\t\t\t<div class=\"elementor-widget-wrap elementor-element-populated\">\n\t\t\t\t\t\t\t\t<div class=\"elementor-element elementor-element-2faa793 elementor-widget elementor-widget-image\" data-id=\"2faa793\" data-element_type=\"widget\" data-widget_type=\"image.default\">\n\t\t\t\t<div class=\"elementor-widget-container\">\n\t\t\t\t\t\t\t\t\t\t\t\t\t\t\t<img src=\"https:\/\/tirardelhilo.info\/wp-content\/uploads\/elementor\/thumbs\/AIETI-p8ozggqf0uel7g1n6yc29gdlp89egxzsplkacyxuc0.png\" title=\"AIETI\" alt=\"AIETI\" \/>\t\t\t\t\t\t\t\t\t\t\t\t\t\t\t<\/div>\n\t\t\t\t<\/div>\n\t\t\t\t\t<\/div>\n\t\t<\/div>\n\t\t\t\t<div class=\"elementor-column elementor-col-50 elementor-inner-column elementor-element elementor-element-38a62a3\" data-id=\"38a62a3\" data-element_type=\"column\">\n\t\t\t<div class=\"elementor-widget-wrap elementor-element-populated\">\n\t\t\t\t\t\t\t\t<div class=\"elementor-element elementor-element-0eaf2f9 elementor-widget elementor-widget-image\" data-id=\"0eaf2f9\" data-element_type=\"widget\" data-widget_type=\"image.default\">\n\t\t\t\t<div class=\"elementor-widget-container\">\n\t\t\t\t\t\t\t\t\t\t\t\t\t\t\t<img src=\"https:\/\/tirardelhilo.info\/wp-content\/uploads\/elementor\/thumbs\/RED-p8ozgho97ofvj20a1gqoty52am4ron3j1q7ru8wg5s.png\" title=\"Red Latinas\" alt=\"Red Latinas\" \/>\t\t\t\t\t\t\t\t\t\t\t\t\t\t\t<\/div>\n\t\t\t\t<\/div>\n\t\t\t\t\t<\/div>\n\t\t<\/div>\n\t\t\t\t\t\t\t<\/div>\n\t\t<\/section>\n\t\t\t\t<section class=\"elementor-section elementor-inner-section elementor-element elementor-element-c3fca7e elementor-section-boxed elementor-section-height-default elementor-section-height-default\" data-id=\"c3fca7e\" data-element_type=\"section\">\n\t\t\t\t\t\t<div class=\"elementor-container elementor-column-gap-default\">\n\t\t\t\t\t<div class=\"elementor-column elementor-col-50 elementor-inner-column elementor-element elementor-element-d8c84bf\" data-id=\"d8c84bf\" data-element_type=\"column\">\n\t\t\t<div class=\"elementor-widget-wrap elementor-element-populated\">\n\t\t\t\t\t\t\t\t<div class=\"elementor-element elementor-element-7000e0d elementor-widget elementor-widget-text-editor\" data-id=\"7000e0d\" data-element_type=\"widget\" data-widget_type=\"text-editor.default\">\n\t\t\t\t<div class=\"elementor-widget-container\">\n\t\t\t\t\t\t\t\t<div class=\"et_pb_with_border et_pb_module et_pb_text et_pb_text_3_tb_body redlatinas-listas et_pb_text_align_left et_pb_bg_layout_light et_had_animation\"><div class=\"et_pb_text_inner\"><div class=\"et_pb_text et_pb_module et_pb_bg_layout_light et_pb_text_align_left et_pb_text_4\"><div class=\"et_pb_text_inner\"><p style=\"text-align: center;\"><strong>Asociaci\u00f3n de Investigaci\u00f3n y Especializaci\u00f3n sobre Temas Iberoamericanos<\/strong><\/p><\/div><\/div><div class=\"et_pb_text et_pb_module et_pb_bg_layout_light et_pb_text_align_left et_pb_text_5\"><div class=\"et_pb_text_inner\" style=\"text-align: center;\"><p>C\/Rafael de Riego 8, 1\u00ba D,<br \/>28045 &#8211; Madrid<\/p><p>Tel\u00e9fono: +34 915 770 640<\/p><p>Email:\u00a0<a href=\"mailto:info@www.aieti.es\">info@aieti.es<\/a><\/p><\/div><p style=\"text-align: center;\">www.aieti.es<\/p><\/div><\/div><\/div>\t\t\t\t\t\t<\/div>\n\t\t\t\t<\/div>\n\t\t\t\t\t<\/div>\n\t\t<\/div>\n\t\t\t\t<div class=\"elementor-column elementor-col-50 elementor-inner-column elementor-element elementor-element-2c41ee6\" data-id=\"2c41ee6\" data-element_type=\"column\">\n\t\t\t<div class=\"elementor-widget-wrap elementor-element-populated\">\n\t\t\t\t\t\t\t\t<div class=\"elementor-element elementor-element-d74a2bd elementor-widget elementor-widget-text-editor\" data-id=\"d74a2bd\" data-element_type=\"widget\" data-widget_type=\"text-editor.default\">\n\t\t\t\t<div class=\"elementor-widget-container\">\n\t\t\t\t\t\t\t\t<div class=\"et_pb_text et_pb_module et_pb_bg_layout_light et_pb_text_align_left et_pb_text_4\"><div class=\"et_pb_text_inner\"><p style=\"text-align: center;\"><strong>Asociaci\u00f3n Red de Mujeres <br \/>Latinoamericanas y del Caribe<\/strong><\/p><p style=\"text-align: center;\">Avenida Isabel de Palencia 3, 2 B,<br \/>28905 Getafe \u2013 Madrid<\/p><p style=\"text-align: center;\">Tel\u00e9fono: +34 632 418 971<\/p><p style=\"text-align: center;\">Email: info@redlatinas.es<\/p><p style=\"text-align: center;\">www.redlatinas.es<\/p><\/div><\/div><div class=\"et_pb_text et_pb_module et_pb_bg_layout_light et_pb_text_align_left et_pb_text_5\"><div class=\"et_pb_text_inner\" style=\"text-align: center;\">\u00a0<\/div><\/div>\t\t\t\t\t\t<\/div>\n\t\t\t\t<\/div>\n\t\t\t\t\t<\/div>\n\t\t<\/div>\n\t\t\t\t\t\t\t<\/div>\n\t\t<\/section>\n\t\t\t\t\t<\/div>\n\t\t<\/div>\n\t\t\t\t\t\t\t<\/div>\n\t\t<\/section>\n\t\t\t\t\t\t<\/div>\n\t\t\t\t\t<\/div>\n\t\t","protected":false},"excerpt":{"rendered":"<p>Asociaci\u00f3n de Investigaci\u00f3n y Especializaci\u00f3n sobre Temas Iberoamericanos C\/Rafael de Riego 8, 1\u00ba D,28045 &#8211; Madrid Tel\u00e9fono: +34 915 770 640 Email:\u00a0info@aieti.es www.aieti.es Asociaci\u00f3n Red de Mujeres Latinoamericanas y del Caribe Avenida Isabel de Palencia 3, 2 B,28905 Getafe \u2013 Madrid Tel\u00e9fono: +34 632 418 971 Email: info@redlatinas.es www.redlatinas.es \u00a0<\/p>\n","protected":false},"author":1,"featured_media":0,"parent":0,"menu_order":0,"comment_status":"closed","ping_status":"closed","template":"","meta":[],"yoast_head":"<!-- This site is optimized with the Yoast SEO plugin v16.4 - https:\/\/yoast.com\/wordpress\/plugins\/seo\/ -->\n<title>Contacto - Tirar del hilo<\/title>\n<meta name=\"robots\" content=\"index, follow, max-snippet:-1, max-image-preview:large, max-video-preview:-1\" \/>\n<link rel=\"canonical\" href=\"https:\/\/tirardelhilo.info\/index.php\/contacto\/\" \/>\n<meta property=\"og:locale\" content=\"es_ES\" \/>\n<meta property=\"og:type\" content=\"article\" \/>\n<meta property=\"og:title\" content=\"Contacto - Tirar del hilo\" \/>\n<meta property=\"og:description\" content=\"Asociaci\u00f3n de Investigaci\u00f3n y Especializaci\u00f3n sobre Temas Iberoamericanos C\/Rafael de Riego 8, 1\u00ba D,28045 &#8211; Madrid Tel\u00e9fono: +34 915 770 640 Email:\u00a0info@aieti.es www.aieti.es Asociaci\u00f3n Red de Mujeres Latinoamericanas y del Caribe Avenida Isabel de Palencia 3, 2 B,28905 Getafe \u2013 Madrid Tel\u00e9fono: +34 632 418 971 Email: info@redlatinas.es www.redlatinas.es \u00a0\" \/>\n<meta property=\"og:url\" content=\"https:\/\/tirardelhilo.info\/index.php\/contacto\/\" \/>\n<meta property=\"og:site_name\" content=\"Tirar del hilo\" \/>\n<meta property=\"article:modified_time\" content=\"2021-06-17T01:08:16+00:00\" \/>\n<meta property=\"og:image\" content=\"https:\/\/tirardelhilo.info\/wp-content\/uploads\/elementor\/thumbs\/AIETI-p8ozggqf0uel7g1n6yc29gdlp89egxzsplkacyxuc0.png\" \/>\n<meta name=\"twitter:card\" content=\"summary_large_image\" \/>\n<meta name=\"twitter:label1\" content=\"Tiempo de lectura\" \/>\n\t<meta name=\"twitter:data1\" content=\"1 minuto\" \/>\n<script type=\"application\/ld+json\" class=\"yoast-schema-graph\">{\"@context\":\"https:\/\/schema.org\",\"@graph\":[{\"@type\":\"Organization\",\"@id\":\"https:\/\/tirardelhilo.info\/#organization\",\"name\":\"Tirar del hilo\",\"url\":\"https:\/\/tirardelhilo.info\/\",\"sameAs\":[],\"logo\":{\"@type\":\"ImageObject\",\"@id\":\"https:\/\/tirardelhilo.info\/#logo\",\"inLanguage\":\"es\",\"url\":\"http:\/\/tirardelhilo.info\/wp-content\/uploads\/2021\/06\/INFORME-scaled.jpg\",\"contentUrl\":\"http:\/\/tirardelhilo.info\/wp-content\/uploads\/2021\/06\/INFORME-scaled.jpg\",\"width\":2560,\"height\":1707,\"caption\":\"Tirar del hilo\"},\"image\":{\"@id\":\"https:\/\/tirardelhilo.info\/#logo\"}},{\"@type\":\"WebSite\",\"@id\":\"https:\/\/tirardelhilo.info\/#website\",\"url\":\"https:\/\/tirardelhilo.info\/\",\"name\":\"Tirar del hilo\",\"description\":\"\",\"publisher\":{\"@id\":\"https:\/\/tirardelhilo.info\/#organization\"},\"potentialAction\":[{\"@type\":\"SearchAction\",\"target\":\"https:\/\/tirardelhilo.info\/?s={search_term_string}\",\"query-input\":\"required name=search_term_string\"}],\"inLanguage\":\"es\"},{\"@type\":\"ImageObject\",\"@id\":\"https:\/\/tirardelhilo.info\/index.php\/contacto\/#primaryimage\",\"inLanguage\":\"es\",\"url\":\"https:\/\/tirardelhilo.info\/wp-content\/uploads\/elementor\/thumbs\/AIETI-p8ozggqf0uel7g1n6yc29gdlp89egxzsplkacyxuc0.png\",\"contentUrl\":\"https:\/\/tirardelhilo.info\/wp-content\/uploads\/elementor\/thumbs\/AIETI-p8ozggqf0uel7g1n6yc29gdlp89egxzsplkacyxuc0.png\"},{\"@type\":\"WebPage\",\"@id\":\"https:\/\/tirardelhilo.info\/index.php\/contacto\/#webpage\",\"url\":\"https:\/\/tirardelhilo.info\/index.php\/contacto\/\",\"name\":\"Contacto - Tirar del hilo\",\"isPartOf\":{\"@id\":\"https:\/\/tirardelhilo.info\/#website\"},\"primaryImageOfPage\":{\"@id\":\"https:\/\/tirardelhilo.info\/index.php\/contacto\/#primaryimage\"},\"datePublished\":\"2021-06-01T22:22:36+00:00\",\"dateModified\":\"2021-06-17T01:08:16+00:00\",\"breadcrumb\":{\"@id\":\"https:\/\/tirardelhilo.info\/index.php\/contacto\/#breadcrumb\"},\"inLanguage\":\"es\",\"potentialAction\":[{\"@type\":\"ReadAction\",\"target\":[\"https:\/\/tirardelhilo.info\/index.php\/contacto\/\"]}]},{\"@type\":\"BreadcrumbList\",\"@id\":\"https:\/\/tirardelhilo.info\/index.php\/contacto\/#breadcrumb\",\"itemListElement\":[{\"@type\":\"ListItem\",\"position\":1,\"item\":{\"@type\":\"WebPage\",\"@id\":\"https:\/\/tirardelhilo.info\/\",\"url\":\"https:\/\/tirardelhilo.info\/\",\"name\":\"Portada\"}},{\"@type\":\"ListItem\",\"position\":2,\"item\":{\"@id\":\"https:\/\/tirardelhilo.info\/index.php\/contacto\/#webpage\"}}]}]}<\/script>\n<!-- \/ Yoast SEO plugin. -->","_links":{"self":[{"href":"https:\/\/tirardelhilo.info\/index.php\/wp-json\/wp\/v2\/pages\/1216"}],"collection":[{"href":"https:\/\/tirardelhilo.info\/index.php\/wp-json\/wp\/v2\/pages"}],"about":[{"href":"https:\/\/tirardelhilo.info\/index.php\/wp-json\/wp\/v2\/types\/page"}],"author":[{"embeddable":true,"href":"https:\/\/tirardelhilo.info\/index.php\/wp-json\/wp\/v2\/users\/1"}],"replies":[{"embeddable":true,"href":"https:\/\/tirardelhilo.info\/index.php\/wp-json\/wp\/v2\/comments?post=1216"}],"version-history":[{"count":20,"href":"https:\/\/tirardelhilo.info\/index.php\/wp-json\/wp\/v2\/pages\/1216\/revisions"}],"predecessor-version":[{"id":2683,"href":"https:\/\/tirardelhilo.info\/index.php\/wp-json\/wp\/v2\/pages\/1216\/revisions\/2683"}],"wp:attachment":[{"href":"https:\/\/tirardelhilo.info\/index.php\/wp-json\/wp\/v2\/media?parent=1216"}],"curies":[{"name":"wp","href":"https:\/\/api.w.org\/{rel}","templated":true}]}}